4.
506
Calculate the greatest common factor of 4995 and 16740.
135
What is the highest common factor of 4237246 and 26?
26
What is the highest common factor of 69129 and 2?
1
What is the highest common factor of 1568 and 77812?
196
Calculate the greatest common factor of 19575 and 174.
87
Calculate the highest common divisor of 21 and 55195.
7
Calculate the greatest common factor of 2316 and 394.
2
Calculate the highest common factor of 3935 and 487153.
787
What is the highest common factor of 43120 and 4400?
880
Calculate the greatest common divisor of 137470 and 472.
118
Calculate the highest common divisor of 28335 and 75.
15
What is the highest common divisor of 986906 and 94?
94
What is the greatest common divisor of 6032 and 512?
16
What is the greatest common divisor of 38095 and 9310?
95
What is the greatest common factor of 868346 and 581?
83
Calculate the greatest common factor of 82144 and 306.
34
What is the greatest common divisor of 453 and 215628?
453
Calculate the greatest common divisor of 141259 and 928.
29
What is the greatest common divisor of 17 and 17323?
17
What is the highest common factor of 324000 and 1920?
480
Calculate the highest common divisor of 2712 and 14464.
904
Calculate the highest common factor of 200 and 9080.
40
What is the highest common divisor of 141 and 12897?
3
Calculate the greatest common divisor of 141940 and 6345.
235
What is the highest common factor of 9048 and 1560?
312
What is the highest common divisor of 435512 and 385?
77
What is the greatest common factor of 19375 and 181350?
775
Calculate the greatest common factor of 14 and 4166498.
14
Calculate the highest common divisor of 80 and 564480.
80
What is the highest common factor of 30 and 11895?
15
Calculate the highest common factor of 348725 and 116.
29
What is the highest common factor of 7654 and 7832?
178
What is the highest common divisor of 332916 and 36?
12
Calculate the highest common divisor of 892 and 556.
4
What is the greatest common factor of 20 and 656020?
20
Calculate the greatest common divisor of 24761 and 4697.
11
What is the highest common factor of 3060 and 846?
18
Calculate the highest common factor of 176 and 609257.
11
What is the highest common divisor of 5986180 and 116?
116
What is the highest common divisor of 2931572 and 392?
196
Calculate the greatest common divisor of 9 and 26.
1
What is the highest common factor of 1001805 and 5452?
1363
What is the greatest common factor of 3016 and 142883?
377
Calculate the greatest common divisor of 2952 and 1152.
72
What is the highest common factor of 351 and 216177?
39
What is the greatest common factor of 66 and 4191?
33
What is the greatest common factor of 336 and 9198?
42
Calculate the greatest common divisor of 152 and 48184.
152
What is the highest common divisor of 1218767 and 1919?
101
What is the highest common divisor of 454 and 843078?
454
What is the greatest common factor of 3276 and 326508?
1092
What is the highest common factor of 55 and 671561?
11
Calculate the greatest common factor of 20 and 18950.
10
Calculate the greatest common divisor of 2888 and 898472.
152
Calculate the greatest common factor of 1287 and 2691.
117
Calculate the greatest common factor of 45731 and 249088.
973
What is the highest common divisor of 11940 and 1920?
60
Calculate the greatest common divisor of 47 and 7661.
47
What is the greatest common factor of 2 and 1312810?
2
What is the highest common divisor of 2743 and 60320?
13
Calculate the greatest common divisor of 21008 and 66560.
208
What is the greatest common factor of 128 and 166?
2
Calculate the greatest common factor of 92989 and 311.
311
What is the greatest common divisor of 4080 and 336?
48
What is the greatest common divisor of 315 and 5955?
15
Calculate the greatest common divisor of 89556 and 221.
17
Calculate the greatest common divisor of 198 and 726.
66
What is the greatest common divisor of 865 and 485?
5
Calculate the highest common factor of 477 and 113.
1
What is the greatest common factor of 197385 and 30?
15
Calculate the highest common factor of 17081 and 2945.
589
Calculate the greatest common divisor of 33453 and 756.
189
Calculate the greatest common divisor of 90 and 37260.
90
Calculate the greatest common factor of 84562 and 4.
2
Calculate the greatest common divisor of 2263 and 7519.
73
What is the highest common factor of 1874522 and 442?
442
Calculate the highest common divisor of 646481 and 11.
11
What is the greatest common factor of 14856 and 48?
24
What is the highest common divisor of 133855 and 20?
5
Calculate the greatest common factor of 573831 and 689.
53
Calculate the highest common divisor of 1113 and 58459.
53
Calculate the greatest common divisor of 17 and 583117.
17
Calculate the greatest common divisor of 48048 and 2457.
273
What is the greatest common factor of 6851 and 17?
17
Calculate the greatest common divisor of 1872 and 14328.
72
What is the greatest common divisor of 54 and 41826?
6
Calculate the greatest common factor of 61194 and 84.
42
Calculate the greatest common divisor of 108500 and 6250.
250
What is the greatest common factor of 21800 and 320?
40
Calculate the greatest common factor of 569 and 11830648.
569
Calculate the highest common divisor of 320536 and 103.
103
Calculate the greatest common factor of 84 and 66892.
28
Calculate the greatest common divisor of 1122 and 8538.
6
Calculate the greatest common factor of 4422 and 22902.
66
What is the greatest common factor of 28 and 191000?
4
What is the greatest common factor of 426 and 1684901?
71
What is the greatest common factor of 572 and 2739?
11
Calculate the highest common divisor of 5178680 and 520.
520
Calculate the greatest common factor of 49379 and 201.
67
Calculate the highest common factor of 118917 and 57558.
543
Calculate the highest common factor of 7712 and 864.
32
Calculate the greatest common divisor of 837885 and 45.
15
What is the highest common factor of 504 and 29568?
168
What is the highest common factor of 560044 and 304?
76
What is the highest common divisor of 4039320 and 15?
15
Calculate the greatest common factor of 33 and 1906124.
11
What is the greatest common factor of 6714 and 126?
18
Calculate the highest common divisor of 6627 and 573.
3
What is the highest common divisor of 1009324 and 68?
68
Calculate the highest common divisor of 4195 and 80.
5
What is the greatest common divisor of 161 and 1883?
7
What is the highest common divisor of 153 and 592173?
9
Calculate the highest common divisor of 710549 and 3412.
853
Calculate the highest common factor of 138266 and 7263.
269
What is the greatest common factor of 1188280 and 20?
20
What is the highest common divisor of 48412 and 12012?
364
Calculate the highest common factor of 83824 and 4563.
169
Calculate the highest common factor of 505359 and 3321.
81
What is the greatest common divisor of 298395 and 1710?
855
Calculate the greatest common factor of 162 and 149607.
81
Calculate the greatest common factor of 7410 and 345.
15
What is the greatest common factor of 660180 and 90?
30
Calculate the highest common divisor of 155144 and 8514.
946
What is the greatest common factor of 946 and 7009?
43
What is the greatest common divisor of 83913 and 18675?
249
Calculate the highest common divisor of 557740 and 79.
79
Calculate the highest common divisor of 12910 and 10.
10
What is the greatest common divisor of 142 and 41?
1
What is the greatest common factor of 15604 and 36284?
188
What is the greatest common divisor of 193013 and 1?
1
Calculate the highest common divisor of 3182 and 46096.
86
What is the greatest common divisor of 238416 and 228?
12
Calculate the highest common factor of 1377 and 306.
153
Calculate the highest common divisor of 5688 and 127506.
474
What is the greatest common divisor of 211445 and 260?
65
Calculate the greatest common divisor of 322 and 863466.
46
What is the highest common factor of 239 and 16491?
239
What is the greatest common factor of 180 and 3285?
45
What is the highest common factor of 6511 and 1037?
17
What is the greatest common factor of 1668 and 1032909?
417
What is the highest common factor of 404 and 1470257?
101
Calculate the highest common divisor of 32526 and 26.
26
What is the